 of d?
13, 131
Let s(v) = -583*v + 72. Let a be s(14). What are the prime factors of (-2)/(-10) - a/50?
2, 3
Suppose 724 = 5*u - 3*u. What are the prime factors of u?
2, 181
Let y = -379 - -810. List the prime factors of y.
431
Let r = 24 + -58. Let x = r - -175. What are the prime factors of x?
3, 47
Let t(m) = m**2 - 9*m + 12. Let p be t(8). Let r = 84 + -27. Suppose -l = -p*l + r. What are the prime factors of l?
19
Let n be (0/2)/(-1)*-1. Suppose -4*a = 3*v - 2*a + 7, -2*v - 2*a - 6 = 0. List the prime factors of (n - v) + 39 - -1.
41
Let b be (-10)/(-45) + 160/9. Suppose 3*a + 15 = -24. Let h = a + b. What are the prime factors of h?
5
Let h(k) = 3*k + 0*k + 5*k + 2*k + k**2. Let i be h(-7). Let g = 35 + i. List the prime factors of g.
2, 7
Let w be ((-3)/(-6))/(1/10). Let o(h) = 6*h - 6. Let c be o(w). Suppose c = -5*g + 6*g. List the prime factors of g.
2, 3
Suppose 156 = 2*a + 3*i, 96 = 5*a - 3*i - 252. Let r = a + 0. List the prime factors of r.
2, 3
Let c(q) = -q**2 - 4*q + 15. Let i be c(-6). Suppose -5*x + i*a = 2*a - 663, -3*a = -x + 141. List the prime factors of x.
2, 3, 11
Let z(a) = 23*a**2 - 6*a + 1. Let s be z(4). Let c = -122 + s. What are the prime factors of c?
223
Let b(i) = i**3 + 10*i**2 + 14*i - 11. Let h be b(-8). Suppose 8*v = -h*v + 1677. What are the prime factors of v?
3, 43
Suppose -4480 = -14*l + 5838. What are the prime factors of l?
11, 67
Let y(k) = 16*k - 426. Let v be y(27). Let d(j) = 7*j**2 - j - 1. Let i be d(5). Suppose v*f - 35 = i. What are the prime factors of f?
2, 17
Suppose -18 = 3*r - 9*r. Suppose 3*s - 150 = -r*s. What are the prime factors of s?
5
Let f = -13 - -12. Let k be -18*(f/3 + 0). Let j(l) = 2*l - 2. What are the prime factors of j(k)?
2, 5
Let c(j) be the first derivative of j**2/2 - j - 110. Let h = -15 + 24. What are the prime factors of c(h)?
2
Let k(w) = -2*w**3 - 2*w**2 - 2*w - 7. Suppose 3*t - 5*h = -5 - 4, 5*h = 4*t + 12. List the prime factors of k(t).
5, 7
Suppose -3*y = -5*h - y - 48, -3*y = 4*h + 43. Let t = -5 - h. Suppose 4*k = 3 + t. What are the prime factors of k?
2
Let v(n) = n**3 + 2*n**2 + 4*n + 3. Let i be v(-3). Let f be 690/i - 3/(-9). Let m = f - -79. What are the prime factors of m?
41
Let u(m) = m**2 + 2*m - 6. Suppose -40 = -3*q - 2*q. What are the prime factors of u(q)?
2, 37
Let h = 90 + -85. Suppose -h*o + 348 = -557. What are the prime factors of o?
181
Let g = -57 + 448. What are the prime factors of g?
17, 23
Let y(j) = 8*j - 3. Let p(d) = -8*d + 2. Let a(b) = -3*p(b) - 2*y(b). Let x be a(9). Suppose -17*g - x = -21*g. What are the prime factors of g?
2, 3
Let b(v) be the second derivative of v**4/6 - v**3/6 + 68*v**2 - 24*v. What are the prime factors of b(0)?
2, 17
Suppose 5*w + 25 = 0, -3*w = -x - 1 + 19. Suppose x*v - 404 = 277. What are the prime factors of v?
227
Suppose l = -4*l. Suppose l = 4*f - 13 - 7. Let s = f + 2. List the prime factors of s.
7
Let z(g) be the first derivative of g**3/3 + 3*g**2 + 7*g - 1. Suppose 61 = -2*i + 2*t + 45, -2*t = 3*i + 9. What are the prime factors of z(i)?
2
Suppose 24*s = 17*s. Suppose -2*x - 2*h + 336 = s, 7*x - 854 = 2*x + 2*h. What are the prime factors of x?
2, 5, 17
Let n(x) = x**3 - 10*x**2 - 2*x + 2. Let d(u) = -6*u**3 + 49*u**2 + 9*u - 11. Let o(h) = -2*d(h) - 11*n(h). Let i = -33 + 22. List the prime factors of o(i).
7, 11
List the prime factors of 258320/(-120)*((-14)/4 - -2).
3229
Let l(q) = -q**3 - 10*q**2 + 2*q + 22. Let o be l(-10). List the prime factors of (-140)/(-4) - (o + 0).
3, 11
Let d = -312 - -419. List the prime factors of d.
107
Let p(k) = 6*k + 4*k + k**2 + 18 - 2*k + 2*k. Let f be p(-8). Suppose f - 232 = -5*j. What are the prime factors of j?
2, 23
Let i(f) be the third derivative of f**4/8 - f**2. Let l be i(4). Suppose -l = -n - n. What are the prime factors of n?
2, 3
Let o(a) = -a**2 + 7*a + 4. Let j = -16 + 25. Let t be o(j). Let f = 59 + t. List the prime factors of f.
3, 5
Let q = 864 - -13. List the prime factors of q.
877
Let u(c) = 189*c - 45. What are the prime factors of u(5)?
2, 3, 5
Suppose -24*u + 28*u = 4704. Suppose u = 8*v - 0*v. What are the prime factors of v?
3, 7
Let k = 448 - 109. What are the prime factors of k?
3, 113
Suppose 3*i = 7*i - 112. Let o = -63 - -79. Suppose p + 4*x = -0*x + i, -p + 2*x = -o. What are the prime factors of p?
2, 5
Suppose -m + 5*c - 1226 + 4193 = 0, 3*c + 3 = 0. What are the prime factors of m?
2, 1481
Suppose -2*p - 5 = -3*p. Suppose 2*t = u + 263, -u = p*t - 686 + 39. List the prime factors of t.
2, 5, 13
Suppose -3*d - o = -7*d + 2070, 4*d - 4*o - 2076 = 0. List the prime factors of d.
11, 47
Let a(t) = -t**3 + 13*t**2 + 13*t - 15. List the prime factors of a(11).
2, 5, 37
Let k = -47 + 743. List the prime factors of k.
2, 3, 29
Suppose -11*w + 16*w = 55. Suppose w*m - 16*m = 380. List the prime factors of (-9)/(-2)*m/(-57).
2, 3
Let b = 2957 - 1570. What are the prime factors of b?
19, 73
Suppose 0 = 9*j - 538 - 182. Let a = j - 30. What are the prime factors of a?
2, 5
Let t be ((-4)/(-18) - 10872/81)/(-2). Suppose -158 - t = -3*f. What are the prime factors of f?
3, 5
Let w(i) be the second derivative of i**5/20 + 17*i**4/12 - 3*i**3 + 11*i**2 + 5*i. Let o be 3 + -4 + -3 + -2*7. What are the prime factors of w(o)?
2, 11
Suppose 68 = 3*n - 4*d, 3*n = 5*d + 35 + 32. Suppose 7*b - n + 10 = 0. Suppose 5*c + b = 167. List the prime factors of c.
3, 11
Let l be (2/(-7))/((-2)/(-14)). What are the prime factors of 602/6 - l/(-6)?
2, 5
Suppose 2*o - 15 - 19 = 0. Suppose 2*y = 3*y - o. List the prime factors of y.
17
Let o(h) be the second derivative of h**5/20 - h**4/12 + h**3/3 + 2*h**2 + 5*h. What are the prime factors of o(4)?
2, 3, 5
Suppose 0 = -5*x - 0 - 0. Suppose x = -11*r + 51 + 103. List the prime factors of r.
2, 7
Suppose 4*v = 43 - 15. Let w(s) = 8 + s + 2*s**2 - 25 - 6*s. List the prime factors of w(v).
2, 23
Let d = -260 - -481. List the prime factors of (d + -1)/4 - -3.
2, 29
Let z(q) = q**2 + 8*q + 3. Let i be 6/3 - (-20)/(-1). Let h = i + 10. What are the prime factors of z(h)?
3
Let x be ((-18)/15)/(5/(-150)). Suppose -4*y = -7*y + x. List the prime factors of y.
2, 3
Let p(h) = h**2 - 23*h - 79. Let d = 82 + -47. List the prime factors of p(d).
11, 31
Suppose 54*z - 178582 + 27220 = 0. What are the prime factors of z?
2803
Let f(y) = 117*y**2 + 88*y. List the prime factors of f(4).
2, 139
Let i(m) = m**2 - 28*m + 2. What are the prime factors of i(30)?
2, 31
Let f = 812 - -365. What are the prime factors of f?
11, 107
Let u(x) = -x**3 - 14*x**2 + 16*x + 19. Let s be u(-15). Suppose 2*d - s*c - 84 = -2*c, d + 3*c = 50. Let g = d - 23. List the prime factors of g.
3, 7
Let n(o) = -4*o + 10. Let q(g) = -4*g + 11. Let z = 13 - 15. Let d(x) = z*q(x) + 3*n(x). What are the prime factors of d(-6)?
2
Let l = 20 + -20. Let w = l + 20. Suppose -2 = d - 3*m - 7, 4*d - 5*m = w. List the prime factors of d.
5
Let k = 34 - 29. Suppose 4*q = 5*g + 328, 40 = k*q - 5*g - 370. List the prime factors of q.
2, 41
Let m(w) = 82*w + 29. Let t be m(-9). Let b = -500 - t. List the prime factors of b.
11, 19
Suppose 13 = -2*l + 3*h, -3*h = -5*l - 1 - 18. Let s = 96 - 104. What are the prime factors of (s/16)/(l/12)?
3
Suppose 2*t + 2*t - 20 = 0. Suppose -7*z = -t*z. Suppose z = -5*s - 30 + 270. What are the prime factors of s?
2, 3
List the prime factors of 36456/(-1 + 7) + -2.
2, 3037
Suppose -19*j = -7*j - 1368. Let w = -39 + j. List the prime factors of w.
3, 5
Let u be 0 - (-2 + 2 + -37). Suppose j - 549 = -5*w, 2*j - 80 - u = -w. What are the prime factors of w?
109
Let p(h) = h**3 - 22*h**2 - 5*h + 46. Let n(r) = 2*r**3 - 45*r**2 - 11*r + 94. Let v(u) = -3*n(u) + 7*p(u). What are the prime factors of v(19)?
2
Let f(z) = -2*z + 45. Let u be f(20). Suppose u*d - 147 = 798. List the prime factors of d.
3, 7
Let u be (2 + 1)/3*7. List the prime factors of (-8 + u)*(-14)/1.
2, 7
Let g(i) = 2*i**2 - 48*i + 88. List the prime factors of g(40).
2, 3, 19
Let b = -235 + 63. What are the prime factors of (-4 + (b - -4))*-1?
2, 43
Suppose 0 = -3*t - 4*l - 7, -l - 2 = 2*t - 4. Suppose -t*k = 2*k - 20. Suppose 0 = -k*w + x + 92, w - x - 42 = 4*x. What are the prime factors of w?
2, 11
Let j(i) = i**3 + 4*i**2 + 2*i + 4. Let t be j(-4). Let